542 + -84ae?
-7e6c
In base 11, what is -8797276 + -4?
-879727a
In base 6, what is 11110532 - 542?
11105550
In base 14, what is c69 + 1d2?
105b
In base 11, what is -8804a132 - 3?
-8804a135
In base 4, what is -22313220002 + 201?
-22313213201
In base 5, what is -3 + 2322031043?
2322031040
In base 12, what is 49ab04b - -1?
49ab050
In base 2, what is 101010 - 10000010110000111010011?
-10000010110000110101001
In base 3, what is -100011 + -1101001120211?
-1101001220222
In base 10, what is -24590 - 1835?
-26425
In base 9, what is -44 + 816538?
816484
In base 3, what is -212000 + 211221?
-2
In base 9, what is 21051813 + 0?
21051813
In base 6, what is 103100 - -1050221?
1153321
In base 12, what is 378 - -4a2?
85a
In base 10, what is -1 - 5982179?
-5982180
In base 3, what is -220 - 1221022100021102?
-1221022100022022
In base 3, what is 1022000 - -110220101112?
110221200112
In base 15, what is 1e0153 + -4?
1e014e
In base 4, what is -211220133231 + 0?
-211220133231
In base 8, what is 602 + -6455?
-5653
In base 8, what is -53324 + -335?
-53661
In base 6, what is 3 + 222020114?
222020121
In base 10, what is 33239191 + 2?
33239193
In base 4, what is -10 + 111200010030?
111200010020
In base 10, what is 72 + 129598?
129670
In base 5, what is -200 - 104433?
-110133
In base 6, what is -33442550 - -2?
-33442544
In base 7, what is 13 - -641506?
641522
In base 2, what is -11111010010101101000111 - -100?
-11111010010101101000011
In base 5, what is 34114 - -123340?
213004
In base 13, what is c0 - -2899c?
28a8c
In base 9, what is -1 + 561806776?
561806775
In base 3, what is 11 + 21001212100221?
21001212101002
In base 14, what is 3bc621 + 5?
3bc626
In base 7, what is 256 + -4140520?
-4140231
In base 5, what is 1434 - 4132303?
-4130314
In base 12, what is 4 + 1a17b73?
1a17b77
In base 5, what is 132142120402 + 4?
132142120411
In base 9, what is 138186815 + -4?
138186811
In base 5, what is 2220103410211 + -3?
2220103410203
In base 8, what is -26011052 - -23?
-26011027
In base 6, what is -35523 - 12501?
-52424
In base 14, what is -94724c - -4?
-947248
In base 14, what is -4c3cd3a - -2?
-4c3cd38
In base 3, what is 112221121 - 211100?
112010021
In base 8, what is -2445216 + -5?
-2445223
In base 3, what is -10 - 11200012212002200?
-11200012212002210
In base 13, what is -c - 64a9c?
-64aab
In base 11, what is 504470a + -2?
5044708
In base 16, what is da15a - -83?
da1dd
In base 3, what is 111001010 - 100101?
110200202
In base 8, what is -14400133 - -4?
-14400127
In base 14, what is 607 - -401c?
4625
In base 14, what is -12b + 2b5a00?
2b58b3
In base 8, what is -425 + -1134110?
-1134535
In base 8, what is 3 - -342033556?
342033561
In base 3, what is -2100202020 + -220101?
-2101122121
In base 12, what is 118 - -4a29?
4b45
In base 4, what is 1313 - -313122121?
313130100
In base 8, what is -1270172174 - 1?
-1270172175
In base 9, what is -387 + 371056?
370558
In base 15, what is 98 - -1a153a?
1a15d3
In base 12, what is -1 + -105b2909?
-105b290a
In base 8, what is 3774115 + 460?
3774575
In base 5, what is 112 + 201410202?
201410314
In base 6, what is 110522541442 + -3?
110522541435
In base 10, what is -3 - -12336629?
12336626
In base 12, what is 7a45 - 7096?
96b
In base 16, what is 5b - b5690?
-b5635
In base 13, what is 8ccc9 + -2a1?
8ca28
In base 15, what is -55 - 114ad?
-11513
In base 14, what is 5ca6 - cc?
5bb8
In base 11, what is 59517 + 109?
59625
In base 2, what is 100011101111101111010 + 1110?
100011101111110001000
In base 7, what is -224 - 423513?
-424040
In base 8, what is 43345675 + -1?
43345674
In base 5, what is -3223302 + 1203?
-3222044
In base 16, what is b + 21daec2?
21daecd
In base 10, what is -104756158 + -4?
-104756162
In base 10, what is 20400294 + -1?
20400293
In base 9, what is -5 - -184023?
184017
In base 5, what is -131042241 - 203?
-131042444
In base 8, what is 34060672 - -5?
34060677
In base 3, what is -102221211020001 - -20?
-102221211012211
In base 12, what is 0 - -196bb18?
196bb18
In base 16, what is 8 - 83d23?
-83d1b
In base 12, what is -10421b21 + 2?
-10421b1b
In base 5, what is 1304224 - 1133?
1303041
In base 12, what is -5335922 - -15?
-5335909
In base 14, what is -34dba4 - 13?
-34dbb7
In base 15, what is 208 + 13d2a?
14033
In base 4, what is 12201003311222 - -1?
12201003311223
In base 10, what is -203724 - -898?
-202826
In base 3, what is -11101022110 + -10000?
-11101102110
In base 12, what is -259 + -6a495?
-6a732
In base 11, what is -a98740a - -4?
-a987406
In base 5, what is 1104320 - -123?
1104443
In base 12, what is -89b567 - 13?
-89b57a
In base 3, what is -11202112010 + 1210?
-11202110100
In base 7, what is -1333 - 230430?
-232063
In base 13, what is 3 + -93a754?
-93a751
In base 5, what is 334443 + -1034004?
-144011
In base 5, what is 204 + -12013232?
-12013023
In base 12, what is -26b1a3 + 59?
-26b146
In base 11, what is 5 + -75098a2?
-7509898
In base 2, what is -1111110011010111 - 1001?
-1111110011100000
In base 12, what is -429 - 1746a?
-17897
In base 13, what is 15 - -10a1b85a?
10a1b872
In base 9, what is 66810001 + 6?
66810007
In base 10, what is 26516 + -237?
26279
In base 8, what is 36547474 - 2?
36547472
In base 8, what is -345 - 710330?
-710675
In base 13, what is -c8 - -236c?
2274
In base 14, what is -398d + 457?
-3536
In base 14, what is 123b7 + 6466?
1883d
In base 4, what is -10211033213 - 3?
-10211033222
In base 14, what is -2 + -c08cd9d?
-c08cda1
In base 8, what is 71555 - 763?
70572
In base 14, what is 3d73d9 + 18?
3d7413
In base 7, what is -10365560 - 210?
-10366100
In base 3, what is 10101 + 1112022221?
1112110022
In base 13, what is 3b2a - cb0?
2b4a
In base 3, what is 2112211200 + -111222022?
2000212101
In base 5, what is -14313212023 - -32?
-14313211441
In base 9, what is -76 - 335002?
-335078
In base 8, what is -172722 - -102?
-172620
In base 13, what is -ca12a + 7?
-ca123
In base 6, what is -130145442 + 12?
-130145430
In base 4, what is -11 + 31301111000331?
31301111000320
In base 3, what is -120220122 - -101011?
-120112111
In base 15, what is -7 - 2d8b2c?
-2d8b34
In base 3, what is -10020 + -10020202122?
-10020212212
In base 16, what is -1 - 2513507?
-2513508
In base 16, what is 4e3288 - 6?
4e3282
In base 14, what is -21a9a8 - -36?
-21a972
In base 13, what is b753c2 - -2?
b753c4
In base 3, what is 2 - -2012010111010?
2012010111012
In base 13, what is 524a2 - -675?
52b47
In base 14, what is -4 - c16c119?
-c16c11d
In base 3, what is -1221022202211 - 22112?
-1221100002100
In base 9, what is 0 - 580203203?
-580203203
In base 2, what is 1111101 - 10001010010010?
-10001000010101
In base 3, what is 11022 - 22220002101?
-22212221002
In base 9, what is -13557755 + 4?
-13557751
In base 15, what is 3b + -1a8870?
-1a8834
In base 6, what is 1145251 + -24251?
1121000
In base 5, what is -2112442424 - -22?
-2112442402
In base 10, what is 82 - -4636532?
4636614
In base 13, what is 38 + 4280?
42b8
In base 14, what is 4d5db + -4?
4d5d7
In base 2, what is -10001110110000101101 - 100010?
-10001110110001001111
In base 5, what is -324403001 + 0?
-324403001
In base 2, what is 1 - -101011101000000100010000011?
101011101000000100010000100
In base 15, what is bd + -825?
-757
In base 14, what is -24 + 5da8a?
5da66
In base 7, what is 2043156 + 440?
2043626
In base 12, what is -55a790 + -1?
-55a791
In base 14, what is -85 - 46c6?
-476b
In base 15, what is 73 + 19016e?
1901e2
In base 7, what is 44 + -13400625?
-13400551
In base 10, what is -1 - -14316799?
14316798
In base 6, what is -54 + -34101143?
-34101241
In base 16, what is -27 - -11c529?
11c502
In base 8, what is 154 + 30521?
30675
In base 8, what is 5 - -41166520?
41166525
In base 15, what is -2d62a962 - 0?
-2d62a962
In base 12, what is -54 + 251283?
25122b
In base 4, what is -110 - 2113121010?
-2113121120
In base 9, what is 2 - -24213823?
24213825
In base 3, what is -2 + 101211020111110?
101211020111101
In base 10, what is 4 - -6020903?
6020907
In base 6, what is -32 - 25015344?
-25015420
In base 15, what is d25 - 464?
8b1
In base 12, what is -1b63314 - 0?
-1b63314
In base 9, what is -2526412 + 304?
-2526107
In base 15, what is 575d852 + -2?
575d850
In base 3, what is -110 + 11010112121022?
11010112120212
In base 12, what is -5 - -560859?
560854
In base 15, what is 58 + 106b6?
1071e
In base 14, 